ulate the remainder when 762 is divided by 189.
6
What is the remainder when 6506 is divided by 35?
31
Calculate the remainder when 491 is divided by 178.
135
Calculate the remainder when 186 is divided by 10.
6
Calculate the remainder when 211 is divided by 68.
7
What is the remainder when 152 is divided by 52?
48
Calculate the remainder when 521 is divided by 115.
61
What is the remainder when 60 is divided by 25?
10
What is the remainder when 922 is divided by 28?
26
Calculate the remainder when 363 is divided by 23.
18
Calculate the remainder when 2653 is divided by 68.
1
Calculate the remainder when 519 is divided by 143.
90
Calculate the remainder when 313 is divided by 109.
95
What is the remainder when 4186 is divided by 79?
78
What is the remainder when 1119 is divided by 372?
3
What is the remainder when 222 is divided by 16?
14
Calculate the remainder when 1256 is divided by 12.
8
What is the remainder when 8090 is divided by 28?
26
What is the remainder when 18 is divided by 11?
7
Calculate the remainder when 180 is divided by 19.
9
What is the remainder when 1247 is divided by 139?
135
What is the remainder when 46 is divided by 24?
22
Calculate the remainder when 472 is divided by 104.
56
Calculate the remainder when 165 is divided by 85.
80
Calculate the remainder when 738 is divided by 13.
10
Calculate the remainder when 3536 is divided by 589.
2
What is the remainder when 337 is divided by 13?
12
Calculate the remainder when 578 is divided by 40.
18
Calculate the remainder when 381 is divided by 197.
184
What is the remainder when 338 is divided by 88?
74
What is the remainder when 93 is divided by 3?
0
What is the remainder when 84 is divided by 32?
20
Calculate the remainder when 1156 is divided by 166.
160
Calculate the remainder when 317 is divided by 40.
37
What is the remainder when 235 is divided by 17?
14
What is the remainder when 581 is divided by 31?
23
What is the remainder when 441 is divided by 83?
26
What is the remainder when 137 is divided by 20?
17
Calculate the remainder when 1468 is divided by 113.
112
What is the remainder when 1311 is divided by 366?
213
What is the remainder when 217 is divided by 135?
82
Calculate the remainder when 2779 is divided by 21.
7
Calculate the remainder when 1593 is divided by 11.
9
Calculate the remainder when 996 is divided by 72.
60
Calculate the remainder when 1494 is divided by 249.
0
What is the remainder when 2648 is divided by 51?
47
Calculate the remainder when 807 is divided by 17.
8
Calculate the remainder when 944 is divided by 104.
8
What is the remainder when 15990 is divided by 12?
6
Calculate the remainder when 10800 is divided by 11.
9
Calculate the remainder when 2454 is divided by 30.
24
Calculate the remainder when 95 is divided by 24.
23
Calculate the remainder when 2834 is divided by 105.
104
Calculate the remainder when 37 is divided by 37.
0
What is the remainder when 55 is divided by 7?
6
What is the remainder when 547 is divided by 119?
71
What is the remainder when 1781 is divided by 18?
17
Calculate the remainder when 25 is divided by 20.
5
Calculate the remainder when 2820 is divided by 704.
4
What is the remainder when 731 is divided by 356?
19
Calculate the remainder when 118 is divided by 36.
10
Calculate the remainder when 698 is divided by 7.
5
What is the remainder when 2559 is divided by 21?
18
Calculate the remainder when 4212 is divided by 17.
13
Calculate the remainder when 1423 is divided by 13.
6
Calculate the remainder when 595 is divided by 26.
23
Calculate the remainder when 16 is divided by 7.
2
What is the remainder when 781 is divided by 767?
14
Calculate the remainder when 1501 is divided by 301.
297
Calculate the remainder when 24 is divided by 12.
0
What is the remainder when 101 is divided by 18?
11
What is the remainder when 4393 is divided by 26?
25
Calculate the remainder when 367 is divided by 15.
7
Calculate the remainder when 1617 is divided by 90.
87
Calculate the remainder when 530 is divided by 13.
10
What is the remainder when 3276 is divided by 22?
20
Calculate the remainder when 9652 is divided by 87.
82
Calculate the remainder when 746 is divided by 75.
71
What is the remainder when 29 is divided by 16?
13
Calculate the remainder when 5514 is divided by 28.
26
Calculate the remainder when 744 is divided by 44.
40
What is the remainder when 863 is divided by 79?
73
Calculate the remainder when 93 is divided by 6.
3
What is the remainder when 66 is divided by 10?
6
What is the remainder when 119 is divided by 29?
3
What is the remainder when 3551 is divided by 79?
75
What is the remainder when 189 is divided by 80?
29
What is the remainder when 759 is divided by 32?
23
Calculate the remainder when 821 is divided by 34.
5
What is the remainder when 10079 is divided by 6?
5
Calculate the remainder when 702 is divided by 88.
86
Calculate the remainder when 610 is divided by 154.
148
Calculate the remainder when 321 is divided by 96.
33
Calculate the remainder when 226 is divided by 5.
1
What is the remainder when 282 is divided by 156?
126
Calculate the remainder when 2504 is divided by 159.
119
What is the remainder when 412 is divided by 134?
10
Calculate the remainder when 232 is divided by 26.
24
Calculate the remainder when 160 is divided by 102.
58
What is the remainder when 95 is divided by 45?
5
What is the remainder when 466 is divided by 197?
72
Calculate the remainder when 2178 is divided by 535.
38
What is the remainder when 467 is divided by 244?
223
Calculate the remainder when 120 is divided by 89.
31
What is the remainder when 1252 is divided by 57?
55
Calculate the remainder when 1114 is divided by 9.
7
What is the remainder when 64 is divided by 18?
10
Calculate the remainder when 1582 is divided by 72.
70
What is the remainder when 441 is divided by 106?
17
What is the remainder when 1077 is divided by 20?
17
Calculate the remainder when 1426 is divided by 102.
100
Calculate the remainder when 285 is divided by 207.
78
What is the remainder when 14854 is divided by 4950?
4
Calculate the remainder when 417 is divided by 20.
17
Calculate the remainder when 437 is divided by 31.
3
Calculate the remainder when 780 is divided by 8.
4
What is the remainder when 455 is divided by 408?
47
Calculate the remainder when 152 is divided by 146.
6
What is the remainder when 5379 is divided by 9?
6
What is the remainder when 195 is divided by 50?
45
Calculate the remainder when 1490 is divided by 83.
79
Calculate the remainder when 17 is divided by 4.
1
Calculate the remainder when 367 is divided by 286.
81
What is the remainder when 652 is divided by 43?
7
What is the remainder when 1600 is divided by 134?
126
What is the remainder when 109 is divided by 20?
9
What is the remainder when 34514 is divided by 195?
194
What is the remainder when 1516 is divided by 374?
20
Calculate the remainder when 735 is divided by 18.
15
What is the remainder when 445 is divided by 1?
0
What is the remainder when 1472 is divided by 48?
32
Calculate the remainder when 161 is divided by 12.
5
What is the remainder when 59672 is divided by 175?
172
What is the remainder when 830 is divided by 17?
14
Calculate the remainder when 125 is divided by 36.
17
Calculate the remainder when 442 is divided by 111.
109
What is the remainder when 89 is divided by 14?
5
What is the remainder when 55 is divided by 18?
1
Calculate the remainder when 697 is divided by 100.
97
Calculate the remainder when 163 is divided by 55.
53
What is the remainder when 72 is divided by 25?
22
What is the remainder when 8055 is divided by 53?
52
What is the remainder when 669 is divided by 67?
66
What is the remainder when 196 is divided by 131?
65
Calculate the remainder when 561 is divided by 5.
1
Calculate the remainder when 76 is divided by 16.
12
Calculate the remainder when 20 is divided by 8.
4
What is the remainder when 1650 is divided by 21?
12
What is the remainder when 2425 is divided by 26?
7
Calculate the remainder when 185 is divided by 84.
17
Calculate the remainder when 784 is divided by 6.
4
What is the remainder when 320 is divided by 50?
20
What is the remainder when 174 is divided by 61?
52
What is the remainder when 127 is divided by 87?
